{"id":206,"date":"2019-05-22T14:35:32","date_gmt":"2019-05-22T14:35:32","guid":{"rendered":"http:\/\/parroquiajbe.org\/sitio1\/?page_id=206"},"modified":"2025-02-22T01:19:54","modified_gmt":"2025-02-22T01:19:54","slug":"enlaces-catolicos","status":"publish","type":"page","link":"https:\/\/parroquiajbe.org\/index.php\/enlaces-catolicos\/","title":{"rendered":"Enlaces Cat\u00f3licos"},"content":{"rendered":"\n<figure class=\"wp-block-table aligncenter\"><table class=\"has-fixed-layout\"><tbody><tr><td>La Santa Sede <br><\/td><td><a href=\"http:\/\/w2.vatican.va\/content\/vatican\/es.html\" target=\"_blank\" rel=\"noreferrer noopener\"><img loading=\"lazy\" decoding=\"async\" width=\"300\" height=\"178\" src=\"http:\/\/parroquiajbe.org\/wp-content\/uploads\/2020\/07\/La_Santa_Sede-300x178.png\" alt=\"La Santa Sede\"><\/a><\/td><\/tr><tr><td>Consejo Episcopal Latinoamericano<\/td><td><a href=\"http:\/\/www.celam.org\/index.php\" target=\"_blank\" rel=\"noreferrer noopener\"><img loading=\"lazy\" decoding=\"async\" width=\"300\" height=\"59\" src=\"http:\/\/parroquiajbe.org\/wp-content\/uploads\/2020\/07\/celam-300x59.png\" alt=\"Consejo Episcopal Latinoamericano\"><\/a><\/td><\/tr><tr><td>Conferencia Episcopal de Colombia<\/td><td><a href=\"https:\/\/www.cec.org.co\/\" target=\"_blank\" rel=\"noreferrer noopener\"><img loading=\"lazy\" decoding=\"async\" width=\"300\" height=\"65\" src=\"http:\/\/parroquiajbe.org\/wp-content\/uploads\/2020\/07\/conferencia_episcopal_colombia-300x65.png\" alt=\"Conferencia Episcopal de Colombia\"><\/a><\/td><\/tr><tr><td>Arquidi\u00f3cesis de Manizales<\/td><td><a href=\"https:\/\/arquidiocesisdemanizales.com\" target=\"_blank\" rel=\"noreferrer noopener\"><img loading=\"lazy\" decoding=\"async\" width=\"155\" height=\"78\" src=\"http:\/\/parroquiajbe.org\/wp-content\/uploads\/2020\/07\/arquidiocesismanizalez.png\" alt=\"Arquidi\u00f3cesis de Manizales\"><\/a><\/td><\/tr><tr><td>Di\u00f3cesis de Pereira<\/td><td><a href=\"http:\/\/diocesisdepereira.org.co\/\" target=\"_blank\" rel=\"noreferrer noopener\"><img loading=\"lazy\" decoding=\"async\" width=\"300\" height=\"55\" src=\"http:\/\/parroquiajbe.org\/wp-content\/uploads\/2020\/07\/diocesispereira-300x55.png\" alt=\"Di\u00f3cesis de Pereira\"><\/a><\/td><\/tr><tr><td>Red de Nueva Evangelizaci\u00f3n<\/td><td><a href=\"https:\/\/www.rednuevaevangelizacion.com\/es\/\" target=\"_blank\" rel=\"noreferrer noopener\"><img loading=\"lazy\" decoding=\"async\" width=\"200\" height=\"125\" src=\"http:\/\/parroquiajbe.org\/wp-content\/uploads\/2020\/07\/rednuevaevangelizacion.png\" alt=\"Red de Nueva Evangelizaci\u00f3n\"><\/a><\/td><\/tr><\/tbody><\/table><\/figure>\n\n\n\n<p><\/p>\n","protected":false},"excerpt":{"rendered":"<p>La Santa Sede Consejo Episcopal Latinoamericano Conferencia Episcopal de Colombia Arquidi\u00f3cesis de Manizales Di\u00f3cesis de Pereira Red de Nueva Evangelizaci\u00f3n<\/p>\n","protected":false},"author":1,"featured_media":0,"parent":0,"menu_order":0,"comment_status":"closed","ping_status":"closed","template":"","meta":{"kt_blocks_editor_width":"","_monsterinsights_skip_tracking":false,"_monsterinsights_sitenote_active":false,"_monsterinsights_sitenote_note":"","_monsterinsights_sitenote_category":0,"footnotes":""},"class_list":["post-206","page","type-page","status-publish","hentry"],"_links":{"self":[{"href":"https:\/\/parroquiajbe.org\/index.php\/wp-json\/wp\/v2\/pages\/206","targetHints":{"allow":["GET"]}}],"collection":[{"href":"https:\/\/parroquiajbe.org\/index.php\/wp-json\/wp\/v2\/pages"}],"about":[{"href":"https:\/\/parroquiajbe.org\/index.php\/wp-json\/wp\/v2\/types\/page"}],"author":[{"embeddable":true,"href":"https:\/\/parroquiajbe.org\/index.php\/wp-json\/wp\/v2\/users\/1"}],"replies":[{"embeddable":true,"href":"https:\/\/parroquiajbe.org\/index.php\/wp-json\/wp\/v2\/comments?post=206"}],"version-history":[{"count":8,"href":"https:\/\/parroquiajbe.org\/index.php\/wp-json\/wp\/v2\/pages\/206\/revisions"}],"predecessor-version":[{"id":1387,"href":"https:\/\/parroquiajbe.org\/index.php\/wp-json\/wp\/v2\/pages\/206\/revisions\/1387"}],"wp:attachment":[{"href":"https:\/\/parroquiajbe.org\/index.php\/wp-json\/wp\/v2\/media?parent=206"}],"curies":[{"name":"wp","href":"https:\/\/api.w.org\/{rel}","templated":true}]}}

Enlaces Católicos

<figure class="wp-block-table aligncenter"><table class="has-fixed-layout"><tbody><tr><td>La Santa Sede <br></td><td><a href="http://w2.vatican.va/content/vatican/es.html" target="_blank" rel="noreferrer noopener"><img loading="lazy" decoding="async" width="300" height="178" src="http://parroquiajbe.org/wp-content/uploads/2020/07/La_Santa_Sede-300x178.png" alt="La Santa Sede"></a></td></tr><tr><td>Consejo Episcopal Latinoamericano</td><td><a href="http://www.celam.org/index.php" target="_blank" rel="noreferrer noopener"><img loading="lazy" decoding="async" width="300" height="59" src="http://parroquiajbe.org/wp-content/uploads/2020/07/celam-300x59.png" alt="Consejo Episcopal Latinoamericano"></a></td></tr><tr><td>Conferencia Episcopal de Colombia</td><td><a href="https://www.cec.org.co/" target="_blank" rel="noreferrer noopener"><img loading="lazy" decoding="async" width="300" height="65" src="http://parroquiajbe.org/wp-content/uploads/2020/07/conferencia_episcopal_colombia-300x65.png" alt="Conferencia Episcopal de Colombia"></a></td></tr><tr><td>Arquidiócesis de Manizales</td><td><a href="https://arquidiocesisdemanizales.com" target="_blank" rel="noreferrer noopener"><img loading="lazy" decoding="async" width="155" height="78" src="http://parroquiajbe.org/wp-content/uploads/2020/07/arquidiocesismanizalez.png" alt="Arquidiócesis de Manizales"></a></td></tr><tr><td>Diócesis de Pereira</td><td><a href="http://diocesisdepereira.org.co/" target="_blank" rel="noreferrer noopener"><img loading="lazy" decoding="async" width="300" height="55" src="http://parroquiajbe.org/wp-content/uploads/2020/07/diocesispereira-300x55.png" alt="Diócesis de Pereira"></a></td></tr><tr><td>Red de Nueva Evangelización</td><td><a href="https://www.rednuevaevangelizacion.com/es/" target="_blank" rel="noreferrer noopener"><img loading="lazy" decoding="async" width="200" height="125" src="http://parroquiajbe.org/wp-content/uploads/2020/07/rednuevaevangelizacion.png" alt="Red de Nueva Evangelización"></a></td></tr></tbody></table></figure>



<p></p>

<p>La Santa Sede Consejo Episcopal Latinoamericano Conferencia Episcopal de Colombia Arquidiócesis de Manizales Diócesis de Pereira Red de Nueva Evangelización</p>
