{"id":399,"date":"2020-05-07T23:41:48","date_gmt":"2020-05-07T23:41:48","guid":{"rendered":"http:\/\/parroquiajbe.org\/?page_id=399"},"modified":"2025-07-10T02:35:46","modified_gmt":"2025-07-10T02:35:46","slug":"mi-parroquia","status":"publish","type":"page","link":"https:\/\/parroquiajbe.org\/index.php\/mi-parroquia\/","title":{"rendered":"Mi Parroquia"},"content":{"rendered":"\n<p><strong>La Parroquia Jes\u00fas de la Buena Esperanza<\/strong> perteneciente a la Di\u00f3cesis de Pereira, se encuentra ubicada sobre la V\u00eda Tur\u00edn &#8211; La Popa en el Sector de la Badea del municipio de Dosquebradas, Risaralda, Colombia.<\/p>\n\n\n\n<p>En sus inicios funcionaba como un santuario a Jes\u00fas de la Buena Esperanza, construido por la se\u00f1ora Fanny Aristiz\u00e1bal de Arenas y la ayudas de muchos fieles devotos; luego fue erigida como Parroquia mediante decreto 1354 del 31 de enero de 1996, por Monse\u00f1or Fabio Suesc\u00fan Mutis.<\/p>\n\n\n\n<p>La parroquia atiende la comunidad de los siguientes barrios: La Badea, Villa Alexandra, La Graciela, Minuto de Dios, Jorge Eli\u00e9cer Gait\u00e1n, Miraflores, El Ensue\u00f1o, Vallarta; adicionalmente, cubre una amplia zona rural comprendida por las veredas El Estanquillo, La Fria y La Esperanza. &nbsp;Tiene establecido el Proceso Diocesano de Nueva Evangelizaci\u00f3n (PRODINE), conformado por personas de toda la di\u00f3cesis.<\/p>\n\n\n\n<p>Su primer p\u00e1rroco fue el Presb\u00edtero Ram\u00f3n Alfonso Alzate, sucedido luego por el Presb\u00edtero Jos\u00e9 Manuel Ram\u00edrez Mej\u00eda y actualmente, est\u00e1 a cargo el Presb\u00edtero Cristian Alexander Betancourt. &nbsp;<\/p>\n\n\n\n<p><strong>Historia Jes\u00fas de la Buena Esperanza<\/strong><\/p>\n\n\n\n<p>La imagen del Se\u00f1or de Jes\u00fas de la Buena Esperanza, es una copia de una antiqu\u00edsima y milagrosa estatua ubicada en la ciudad de Quito, Ecuador.<\/p>\n\n\n\n<p>Su historia se remonta al a\u00f1o de 1652, cuando por las calles de la ciudad de Quito, atravesaba sin gu\u00eda una mula cargada de un enorme bulto, lleg\u00f3 a la porter\u00eda del convento de San Agust\u00edn y se ech\u00f3 al suelo sin que nada la pudiese mover.<\/p>\n\n\n\n<p>Una vez fue descargado el caj\u00f3n y abierto se encontraron una hermosa escultura de Jes\u00fas de la Buena Esperanza con una t\u00fanica de terciopelo y unas sandalias de oro con incrustaciones de joyas preciosas. Quisieron trasladar la estatua al templo, pero fue in\u00fatil, por lo que debi\u00f3 dejarse en la porter\u00eda del convento. Desde entonces se convirti\u00f3 en sitio de peregrinaci\u00f3n del pueblo cat\u00f3lico de Quito; los milagros y favores aumentaron la fe y multiplicaron la cantidad de fieles y creyentes.<\/p>\n\n\n\n<p>Adicional a esto ocurri\u00f3 un milagro que aument\u00f3 y ayud\u00f3 al renombre de Jes\u00fas de la Buena Esperanza. &nbsp;Gabriel Cayancela, un sencillo y piadoso padre de Familia, viv\u00eda en la total miseria y ya sin auxilio humano, recurri\u00f3 una tarde a orar a Jes\u00fas de la Buena Esperanza para suplicar ayuda por su situaci\u00f3n, estaba haciendo su oraci\u00f3n cuando fue advertido por el sacrist\u00e1n sobre el cierre del Santuario, a la ma\u00f1ana siguiente regres\u00f3 y continu\u00f3 con su fervorosa oraci\u00f3n, en medio de su profunda oraci\u00f3n ocurre un milagro que llena de gozo su coraz\u00f3n, Jes\u00fas de la Buena Esperanza deja caer en las manos de Gabriel, una de sus sandalias, el cual sin pensar m\u00e1s all\u00e1 de su necesidad va a venderla a la joyer\u00eda. Como era demasiada conocida la pieza perteneciente a Jes\u00fas de la Buena Esperanza, el joyero hace aprender como ladr\u00f3n sacr\u00edlego al vendedor; generando un ambiente de indignaci\u00f3n p\u00fablica contra el que aparec\u00eda como infame profanador. R\u00e1pidamente se sustentaron las acusaciones y Gabriel fue condenado a muerte. El condenado, como \u00faltimo favor, pidi\u00f3 y obtuvo ser conducido ante la imagen milagrosa: All\u00ed en un sentid\u00edsimo lenguaje, dijo al Se\u00f1or que su prodigioso don se hab\u00eda convertido en un regalo de muerte, que iba al pat\u00edbulo por haber recibido de \u00c9L los medios para salir de su miseria. Entre conmovido e indignado el pueblo escuchaba tales palabras, cuando Jes\u00fas de la Buena Esperanza tiende hacia el reo el pie que conservaba con sandalia y deja caer \u00e9sta en sus manos. La entusiasmada admiraci\u00f3n de la multitud, al grito un\u00edsono de tan grande milagro dio libertad al condenado. La autoridad le compr\u00f3 al precio de oro, aquella sandalia. Sali\u00f3 Gabriel de su necesidad y el milagro qued\u00f3 para siempre representado en Jes\u00fas de la Buena Esperanza.<\/p>\n\n\n\n<p>&nbsp;<\/p>\n\n\n\n<figure class=\"wp-block-image size-large\"><img loading=\"lazy\" decoding=\"async\" width=\"1024\" height=\"512\" src=\"https:\/\/parroquiajbe.org\/wp-content\/uploads\/2025\/02\/Despacho-Parroquial-1-1024x512.png\" alt=\"\" class=\"wp-image-1426\" srcset=\"https:\/\/parroquiajbe.org\/wp-content\/uploads\/2025\/02\/Despacho-Parroquial-1-1024x512.png 1024w, https:\/\/parroquiajbe.org\/wp-content\/uploads\/2025\/02\/Despacho-Parroquial-1-300x150.png 300w, https:\/\/parroquiajbe.org\/wp-content\/uploads\/2025\/02\/Despacho-Parroquial-1-768x384.png 768w, https:\/\/parroquiajbe.org\/wp-content\/uploads\/2025\/02\/Despacho-Parroquial-1-1536x768.png 1536w, https:\/\/parroquiajbe.org\/wp-content\/uploads\/2025\/02\/Despacho-Parroquial-1-2048x1024.png 2048w, https:\/\/parroquiajbe.org\/wp-content\/uploads\/2025\/02\/Despacho-Parroquial-1-800x400.png 800w\" sizes=\"auto, (max-width: 1024px) 100vw, 1024px\" \/><\/figure>\n\n\n\n<p><\/p>\n\n\n\n<p><strong>Templo Jes\u00fas de la Buena Esperanza<\/strong><\/p>\n\n\n\n<figure class=\"wp-block-video\"><video height=\"1080\" style=\"aspect-ratio: 1920 \/ 1080;\" width=\"1920\" controls src=\"http:\/\/parroquiajbe.org\/wp-content\/uploads\/2025\/02\/Templo-JBE1-1.mp4\"><\/video><\/figure>\n\n\n\n<p><\/p>\n\n\n\n<p><strong>Santuario Jes\u00fas de la Buena Esperanza<\/strong><\/p>\n\n\n\n<figure class=\"wp-block-video\"><video height=\"1080\" style=\"aspect-ratio: 1920 \/ 1080;\" width=\"1920\" controls src=\"http:\/\/parroquiajbe.org\/wp-content\/uploads\/2025\/02\/Video-Santuario-JBE.mp4\"><\/video><\/figure>\n\n\n\n<p><\/p>\n\n\n\n<p><strong>Presb\u00edtero Juan Gabriel Correa Burgos. \u00a0<\/strong><\/p>\n\n\n\n<figure class=\"wp-block-image size-full\"><img loading=\"lazy\" decoding=\"async\" width=\"793\" height=\"529\" src=\"https:\/\/parroquiajbe.org\/wp-content\/uploads\/2025\/07\/Juan-Gabriel-Correa-Burgos.jpg\" alt=\"\" class=\"wp-image-1574\" srcset=\"https:\/\/parroquiajbe.org\/wp-content\/uploads\/2025\/07\/Juan-Gabriel-Correa-Burgos.jpg 793w, https:\/\/parroquiajbe.org\/wp-content\/uploads\/2025\/07\/Juan-Gabriel-Correa-Burgos-300x200.jpg 300w, https:\/\/parroquiajbe.org\/wp-content\/uploads\/2025\/07\/Juan-Gabriel-Correa-Burgos-768x512.jpg 768w\" sizes=\"auto, (max-width: 793px) 100vw, 793px\" \/><\/figure>\n\n\n\n<figure class=\"wp-block-image size-large is-style-default\"><img loading=\"lazy\" decoding=\"async\" width=\"1024\" height=\"512\" src=\"https:\/\/parroquiajbe.org\/wp-content\/uploads\/2025\/02\/Horarios-1024x512.png\" alt=\"\" class=\"wp-image-1432\" srcset=\"https:\/\/parroquiajbe.org\/wp-content\/uploads\/2025\/02\/Horarios-1024x512.png 1024w, https:\/\/parroquiajbe.org\/wp-content\/uploads\/2025\/02\/Horarios-300x150.png 300w, https:\/\/parroquiajbe.org\/wp-content\/uploads\/2025\/02\/Horarios-768x384.png 768w, https:\/\/parroquiajbe.org\/wp-content\/uploads\/2025\/02\/Horarios-1536x768.png 1536w, https:\/\/parroquiajbe.org\/wp-content\/uploads\/2025\/02\/Horarios-2048x1024.png 2048w, https:\/\/parroquiajbe.org\/wp-content\/uploads\/2025\/02\/Horarios-1600x800.png 1600w, https:\/\/parroquiajbe.org\/wp-content\/uploads\/2025\/02\/Horarios-800x400.png 800w\" sizes=\"auto, (max-width: 1024px) 100vw, 1024px\" \/><\/figure>\n","protected":false},"excerpt":{"rendered":"<p>La Parroquia Jes\u00fas de la Buena Esperanza perteneciente a la Di\u00f3cesis de Pereira, se encuentra ubicada sobre la V\u00eda Tur\u00edn &#8211; La Popa en el Sector de la Badea del municipio de Dosquebradas, Risaralda, Colombia. En sus inicios funcionaba como &hellip; <a href=\"https:\/\/parroquiajbe.org\/index.php\/mi-parroquia\/\">Continuar<\/a><\/p>\n","protected":false},"author":1,"featured_media":0,"parent":0,"menu_order":0,"comment_status":"closed","ping_status":"closed","template":"","meta":{"kt_blocks_editor_width":"","_monsterinsights_skip_tracking":false,"_monsterinsights_sitenote_active":false,"_monsterinsights_sitenote_note":"","_monsterinsights_sitenote_category":0,"footnotes":""},"class_list":["post-399","page","type-page","status-publish","hentry"],"_links":{"self":[{"href":"https:\/\/parroquiajbe.org\/index.php\/wp-json\/wp\/v2\/pages\/399","targetHints":{"allow":["GET"]}}],"collection":[{"href":"https:\/\/parroquiajbe.org\/index.php\/wp-json\/wp\/v2\/pages"}],"about":[{"href":"https:\/\/parroquiajbe.org\/index.php\/wp-json\/wp\/v2\/types\/page"}],"author":[{"embeddable":true,"href":"https:\/\/parroquiajbe.org\/index.php\/wp-json\/wp\/v2\/users\/1"}],"replies":[{"embeddable":true,"href":"https:\/\/parroquiajbe.org\/index.php\/wp-json\/wp\/v2\/comments?post=399"}],"version-history":[{"count":32,"href":"https:\/\/parroquiajbe.org\/index.php\/wp-json\/wp\/v2\/pages\/399\/revisions"}],"predecessor-version":[{"id":1576,"href":"https:\/\/parroquiajbe.org\/index.php\/wp-json\/wp\/v2\/pages\/399\/revisions\/1576"}],"wp:attachment":[{"href":"https:\/\/parroquiajbe.org\/index.php\/wp-json\/wp\/v2\/media?parent=399"}],"curies":[{"name":"wp","href":"https:\/\/api.w.org\/{rel}","templated":true}]}}

<p><strong>La Parroquia Jesús de la Buena Esperanza</strong> perteneciente a la Diócesis de Pereira, se encuentra ubicada sobre la Vía Turín &#8211; La Popa en el Sector de la Badea del municipio de Dosquebradas, Risaralda, Colombia.</p>



<p>En sus inicios funcionaba como un santuario a Jesús de la Buena Esperanza, construido por la señora Fanny Aristizábal de Arenas y la ayudas de muchos fieles devotos; luego fue erigida como Parroquia mediante decreto 1354 del 31 de enero de 1996, por Monseñor Fabio Suescún Mutis.</p>



<p>La parroquia atiende la comunidad de los siguientes barrios: La Badea, Villa Alexandra, La Graciela, Minuto de Dios, Jorge Eliécer Gaitán, Miraflores, El Ensueño, Vallarta; adicionalmente, cubre una amplia zona rural comprendida por las veredas El Estanquillo, La Fria y La Esperanza. &nbsp;Tiene establecido el Proceso Diocesano de Nueva Evangelización (PRODINE), conformado por personas de toda la diócesis.</p>



<p>Su primer párroco fue el Presbítero Ramón Alfonso Alzate, sucedido luego por el Presbítero José Manuel Ramírez Mejía y actualmente, está a cargo el Presbítero Cristian Alexander Betancourt. &nbsp;</p>



<p><strong>Historia Jesús de la Buena Esperanza</strong></p>



<p>La imagen del Señor de Jesús de la Buena Esperanza, es una copia de una antiquísima y milagrosa estatua ubicada en la ciudad de Quito, Ecuador.</p>



<p>Su historia se remonta al año de 1652, cuando por las calles de la ciudad de Quito, atravesaba sin guía una mula cargada de un enorme bulto, llegó a la portería del convento de San Agustín y se echó al suelo sin que nada la pudiese mover.</p>



<p>Una vez fue descargado el cajón y abierto se encontraron una hermosa escultura de Jesús de la Buena Esperanza con una túnica de terciopelo y unas sandalias de oro con incrustaciones de joyas preciosas. Quisieron trasladar la estatua al templo, pero fue inútil, por lo que debió dejarse en la portería del convento. Desde entonces se convirtió en sitio de peregrinación del pueblo católico de Quito; los milagros y favores aumentaron la fe y multiplicaron la cantidad de fieles y creyentes.</p>



<p>Adicional a esto ocurrió un milagro que aumentó y ayudó al renombre de Jesús de la Buena Esperanza. &nbsp;Gabriel Cayancela, un sencillo y piadoso padre de Familia, vivía en la total miseria y ya sin auxilio humano, recurrió una tarde a orar a Jesús de la Buena Esperanza para suplicar ayuda por su situación, estaba haciendo su oración cuando fue advertido por el sacristán sobre el cierre del Santuario, a la mañana siguiente regresó y continuó con su fervorosa oración, en medio de su profunda oración ocurre un milagro que llena de gozo su corazón, Jesús de la Buena Esperanza deja caer en las manos de Gabriel, una de sus sandalias, el cual sin pensar más allá de su necesidad va a venderla a la joyería. Como era demasiada conocida la pieza perteneciente a Jesús de la Buena Esperanza, el joyero hace aprender como ladrón sacrílego al vendedor; generando un ambiente de indignación pública contra el que aparecía como infame profanador. Rápidamente se sustentaron las acusaciones y Gabriel fue condenado a muerte. El condenado, como último favor, pidió y obtuvo ser conducido ante la imagen milagrosa: Allí en un sentidísimo lenguaje, dijo al Señor que su prodigioso don se había convertido en un regalo de muerte, que iba al patíbulo por haber recibido de ÉL los medios para salir de su miseria. Entre conmovido e indignado el pueblo escuchaba tales palabras, cuando Jesús de la Buena Esperanza tiende hacia el reo el pie que conservaba con sandalia y deja caer ésta en sus manos. La entusiasmada admiración de la multitud, al grito unísono de tan grande milagro dio libertad al condenado. La autoridad le compró al precio de oro, aquella sandalia. Salió Gabriel de su necesidad y el milagro quedó para siempre representado en Jesús de la Buena Esperanza.</p>



<p>&nbsp;</p>



<figure class="wp-block-image size-large"><img loading="lazy" decoding="async" width="1024" height="512" src="https://parroquiajbe.org/wp-content/uploads/2025/02/Despacho-Parroquial-1-1024x512.png" alt="" class="wp-image-1426" srcset="https://parroquiajbe.org/wp-content/uploads/2025/02/Despacho-Parroquial-1-1024x512.png 1024w, https://parroquiajbe.org/wp-content/uploads/2025/02/Despacho-Parroquial-1-300x150.png 300w, https://parroquiajbe.org/wp-content/uploads/2025/02/Despacho-Parroquial-1-768x384.png 768w, https://parroquiajbe.org/wp-content/uploads/2025/02/Despacho-Parroquial-1-1536x768.png 1536w, https://parroquiajbe.org/wp-content/uploads/2025/02/Despacho-Parroquial-1-2048x1024.png 2048w, https://parroquiajbe.org/wp-content/uploads/2025/02/Despacho-Parroquial-1-800x400.png 800w" sizes="auto, (max-width: 1024px) 100vw, 1024px" /></figure>



<p></p>



<p><strong>Templo Jesús de la Buena Esperanza</strong></p>



<figure class="wp-block-video"><video height="1080" style="aspect-ratio: 1920 / 1080;" width="1920" controls src="http://parroquiajbe.org/wp-content/uploads/2025/02/Templo-JBE1-1.mp4"></video></figure>



<p></p>



<p><strong>Santuario Jesús de la Buena Esperanza</strong></p>



<figure class="wp-block-video"><video height="1080" style="aspect-ratio: 1920 / 1080;" width="1920" controls src="http://parroquiajbe.org/wp-content/uploads/2025/02/Video-Santuario-JBE.mp4"></video></figure>



<p></p>



<p><strong>Presbítero Juan Gabriel Correa Burgos.  </strong></p>



<figure class="wp-block-image size-full"><img loading="lazy" decoding="async" width="793" height="529" src="https://parroquiajbe.org/wp-content/uploads/2025/07/Juan-Gabriel-Correa-Burgos.jpg" alt="" class="wp-image-1574" srcset="https://parroquiajbe.org/wp-content/uploads/2025/07/Juan-Gabriel-Correa-Burgos.jpg 793w, https://parroquiajbe.org/wp-content/uploads/2025/07/Juan-Gabriel-Correa-Burgos-300x200.jpg 300w, https://parroquiajbe.org/wp-content/uploads/2025/07/Juan-Gabriel-Correa-Burgos-768x512.jpg 768w" sizes="auto, (max-width: 793px) 100vw, 793px" /></figure>



<figure class="wp-block-image size-large is-style-default"><img loading="lazy" decoding="async" width="1024" height="512" src="https://parroquiajbe.org/wp-content/uploads/2025/02/Horarios-1024x512.png" alt="" class="wp-image-1432" srcset="https://parroquiajbe.org/wp-content/uploads/2025/02/Horarios-1024x512.png 1024w, https://parroquiajbe.org/wp-content/uploads/2025/02/Horarios-300x150.png 300w, https://parroquiajbe.org/wp-content/uploads/2025/02/Horarios-768x384.png 768w, https://parroquiajbe.org/wp-content/uploads/2025/02/Horarios-1536x768.png 1536w, https://parroquiajbe.org/wp-content/uploads/2025/02/Horarios-2048x1024.png 2048w, https://parroquiajbe.org/wp-content/uploads/2025/02/Horarios-1600x800.png 1600w, https://parroquiajbe.org/wp-content/uploads/2025/02/Horarios-800x400.png 800w" sizes="auto, (max-width: 1024px) 100vw, 1024px" /></figure>

<p>La Parroquia Jesús de la Buena Esperanza perteneciente a la Diócesis de Pereira, se encuentra ubicada sobre la Vía Turín &#8211; La Popa en el Sector de la Badea del municipio de Dosquebradas, Risaralda, Colombia. En sus inicios funcionaba como &hellip; <a href="https://parroquiajbe.org/index.php/mi-parroquia/">Continuar</a></p>
