{"id":575,"date":"2020-07-05T20:56:21","date_gmt":"2020-07-05T20:56:21","guid":{"rendered":"http:\/\/parroquiajbe.org\/?page_id=575"},"modified":"2025-03-06T23:36:18","modified_gmt":"2025-03-06T23:36:18","slug":"sine","status":"publish","type":"page","link":"https:\/\/parroquiajbe.org\/index.php\/sine\/","title":{"rendered":"SINE"},"content":{"rendered":"<h4><em><strong>Proceso de Nueva Evangelizaci\u00f3n Parroquia Jes\u00fas de la Buena Esperanza<\/strong><\/em><\/h4>\n<div>La Nueva Evangelizaci\u00f3n asumida desde el\u00a0<a title=\"SINE\" href=\"https:\/\/issuu.com\/rednuevaevangelizacion\/docs\/folleto_web_sintesis_sine.compresse?e=24172329\/34510848\" target=\"_blank\" rel=\"noopener noreferrer\" name=\"Sistema integral de nueva evangelizacion\">SINE<\/a>\u00a0es un proceso pastoral sistem\u00e1tico e integral que ofrece una m\u00edstica y elementos bien definidos tomados de la rica experiencia pastoral y misionera de la Iglesia y del magisterio eclesi\u00e1stico. A tal punto que puede convertirse en el fundamento del plan pastoral diocesano y as\u00ed de cada parroquia. busca atender el cumplimiento adecuado y oportuno del mandato de Jesucristo: &#8220;Vayan por el mundo proclamando la Buena Noticia a toda la humanidad&#8221; (Mc 16,15) y el mandato de la Iglesia: &#8220;Evangelizar constituye, en efecto, la dicha y vocaci\u00f3n propia de la iglesia, su identidad mas profunda. Ella existe para evangelizar, es decir, para predicar y ense\u00f1ar, ser canal del don de la gracia, reconciliar a los pecadores con Dios, perpetuar el sacrificio de Cristo en la santa Misa, memorial de su muerte y resurrecci\u00f3n gloriosa&#8221; (E.N.14) en las condiciones y con los elementos actuales<\/div>\n<div><\/div>\n<div>Se basa en un dise\u00f1o pastoral que comprende un\u00a0proceso\u00a0\u00a0personal y un proceso parroquial con un plan pastoral integral llevado por pasos articulados sabiamente seg\u00fan la pedagog\u00eda de la fe; es\u00a0diocesano\u00a0\u00a0 en un marco de comuni\u00f3n \u00a0ofrecido por este plan misionero y pastoral, sin antojos particulares de cada parroquia, con nuevo \u00a0ardor\u00a0evangelizador\u00a0.<\/div>\n<div><\/div>\n<div>Es un proceso integral de acci\u00f3n misionera ( para los alejados y no creyentes), catequ\u00e9tica (para los iniciados) y pastoral ( para los adultos en la fe), que va a todos, a todo el hombre, involucrando a\u00a0todos, para darles todo ( palabra, comuni\u00f3n, sacramentos y transformaci\u00f3n social) .<\/div>\n<div><\/div>\n<div><\/div>\n<div style=\"text-align: center;\">&#8220;Desde LA COMUNI\u00d3N hacia la PLENITUD DE VIDA EN CRISTO&#8221;<\/div>\n<div style=\"text-align: center;\">( hoy y siempre)<\/div>\n\n\n<div class=\"wp-block-columns is-layout-flex wp-container-core-columns-is-layout-9d6595d7 wp-block-columns-is-layout-flex\">\n<div class=\"wp-block-column is-layout-flow wp-block-column-is-layout-flow\"><\/div>\n\n\n\n<div class=\"wp-block-column is-layout-flow wp-block-column-is-layout-flow\"><\/div>\n<\/div>\n\n\n\n<div class=\"wp-block-columns is-layout-flex wp-container-core-columns-is-layout-9d6595d7 wp-block-columns-is-layout-flex\">\n<div class=\"wp-block-column is-layout-flow wp-block-column-is-layout-flow\">\n<div class=\"wp-block-group\"><div class=\"wp-block-group__inner-container is-layout-constrained wp-block-group-is-layout-constrained\">\n<p><strong>PROCESO DIOCESANO DE NUEVA EVANGELIZACI\u00d3N<\/strong><\/p>\n\n\n\n<p><strong>COMUNIDADES DE LA 1\u00aa A LA 7\u00aa EVANGELIZACI\u00d3N &#8211; JBE<\/strong><\/p>\n\n\n\n<p><strong>CRONOGRAMA DE ACTIVIDADES<\/strong><\/p>\n\n\n\n<p><strong>\u201cDEL 2 DE MARZO AL 30 DE MARZO &#8211; 2025\u201d<\/strong><\/p>\n\n\n\n<p>Di\u00f3cesis de Pereira&nbsp;&nbsp;&nbsp;&nbsp;&nbsp;&nbsp;&nbsp;&nbsp;&nbsp;&nbsp;&nbsp;&nbsp;&nbsp;&nbsp;&nbsp;&nbsp;&nbsp;&nbsp;&nbsp;&nbsp;&nbsp;&nbsp;&nbsp;&nbsp;&nbsp;&nbsp;&nbsp;&nbsp;&nbsp;&nbsp;&nbsp;&nbsp;&nbsp;&nbsp;&nbsp;&nbsp;&nbsp;&nbsp;&nbsp;&nbsp;&nbsp;&nbsp;&nbsp;&nbsp;&nbsp;&nbsp;&nbsp;&nbsp;&nbsp;&nbsp;&nbsp;&nbsp;&nbsp;&nbsp;&nbsp;&nbsp;&nbsp;&nbsp;&nbsp;&nbsp;&nbsp;&nbsp;&nbsp;&nbsp;&nbsp;&nbsp;&nbsp;&nbsp;&nbsp;&nbsp;&nbsp;&nbsp;&nbsp;&nbsp;&nbsp;&nbsp;&nbsp;&nbsp;&nbsp;&nbsp;&nbsp;&nbsp;&nbsp;&nbsp;&nbsp;&nbsp;&nbsp;&nbsp;&nbsp;&nbsp;&nbsp;&nbsp;&nbsp;&nbsp;&nbsp;&nbsp;&nbsp;&nbsp;&nbsp;&nbsp;&nbsp;&nbsp;&nbsp;&nbsp;&nbsp;&nbsp;&nbsp;&nbsp;&nbsp;&nbsp;&nbsp;<\/p>\n\n\n\n<p>Parroquia Jes\u00fas de la Buena Esperanza<\/p>\n\n\n\n<p>Despacho Parroquial: Manz. 4 casa 9 \u2013 Villa Alexandra \u2013 La Badea D\/das.<\/p>\n\n\n\n<p>Celular: 312 761 0594<\/p>\n\n\n\n<p>E \u2013 parroquiajbe@hotmail.com<\/p>\n\n\n\n<p>www. Parroquiajbe.org<\/p>\n\n\n\n<p><strong>Actividades &#8211; Semana del 2 al 8 de marzo<\/strong><\/p>\n\n\n\n<p>Mi\u00e9rcoles 5 de marzo: Eucarist\u00eda a las 6:00 Pm \u2013 Imposici\u00f3n de la Santa Ceniza \u2013 Anuncio de cuaresma. Lugar: Templo Jes\u00fas de la Buena Esperanza \u2013 Villa Alexandra<\/p>\n\n\n\n<p>En esta semana, no hay Encuentro de Peque\u00f1as Comunidades.<\/p>\n\n\n\n<p>s\u00e1bado 8 de marzo: D\u00eda Internacional de la mujer<\/p>\n\n\n\n<p>s\u00e1bado 8 de marzo: Tema 5\u00b0 de Koinonia \u201cTodos y Todo en Comunidad\u201d. Encuentro semanal Post-Misi\u00f3n 2024 JBE \u201cCam\u00ednenos con Jes\u00fas hacia la Verdad\u201d. Lugar: Centro de Pastoral La Natividad \u2013 Hora: 7:00 Pm.<\/p>\n\n\n\n<p><strong>Actividades &#8211; Semana del 9 al 15 de marzo<\/strong><\/p>\n\n\n\n<p>Encuentro de tres horas: En el primer momento, realizar Proclamaci\u00f3n del tema 23. \u201cAcci\u00f3n Apost\u00f3lica Semanal\u201d &#8211; Bloque VI \u201cTestigos y Evangelizadores &#8211; Cartilla Vida Nueva.<\/p>\n\n\n\n<p><strong>Nota<\/strong>: <strong>Para las Nuevas Comunidades Territoriales 2D,2E,2F<\/strong>.<\/p>\n\n\n\n<p>Encuentro de tres horas: En el primer momento, realizar La Revisi\u00f3n y La Vivencia de Todos los temas del Bloque 2: -\u201d Palabra de Dios\u201d &#8211; Cartilla Vida Nueva<\/p>\n\n\n\n<p>En segundo momento, para todas las Comunidades, realizaran <strong>Edificaci\u00f3n Espiritual<\/strong>, con alguno de los siguientes elementos: Testimonio, Revisi\u00f3n de Vida, Correcci\u00f3n Fraterna, B\u00fasqueda de la Voluntad de Dios y priorizar seg\u00fan la necesidad de la comunidad.<\/p>\n\n\n\n<p>Jueves 13 de marzo: Aniversario Pontificado su Santidad Papa Francisco (inicio el 13 de marzo del 2013).<\/p>\n\n\n\n<p>s\u00e1bado 15 de marzo: Tema 6\u00b0 Koinonia \u2013 \u201cNiveles de la Comunidad\u201d. Encuentro semanal Post-Misi\u00f3n 2024 JBE \u201cCam\u00ednenos con Jes\u00fas hacia la Verdad\u201d. Lugar: Centro de Pastoral La Natividad \u2013 Hora: 7:00 Pm.<\/p>\n\n\n\n<p><strong>Actividades &#8211; Semana del 16 al 22 de marzo<\/strong><\/p>\n\n\n\n<p>Domingo 16 de marzo: Encuentro de Formaci\u00f3n del Ministerio de Liturgia. Se inicia con la Eucarist\u00eda, a las 8.00 am, y continua de 9 am a 11: am, en el Templo Jes\u00fas de la Buena Esperanza de Villa Alexandra.<\/p>\n\n\n\n<p>mi\u00e9rcoles 19 de marzo: d\u00eda de San Jos\u00e9 &#8211; Esposo de la Virgen Mar\u00eda. (lunes 24 \u2013 d\u00eda de fiesta).<\/p>\n\n\n\n<p><strong>&nbsp;<\/strong>Encuentro de tres horas:. En el primer momento, realizar vivencia del tema 23. \u201cAcci\u00f3n Apost\u00f3lica Semanal\u201d &#8211; Bloque VI \u201cTestigos y Evangelizadores &#8211; Cartilla Vida Nueva.<\/p>\n\n\n\n<p><strong>Nota<\/strong>: <strong>Para las Nuevas Comunidades Territoriales 2D,2E,2F<\/strong>.<\/p>\n\n\n\n<p>Encuentro de tres horas: En el primer momento, se dar\u00e1 inicio a la catequesis del bloque 3\u00b0- Oraci\u00f3n y Culto\u201d &#8211; con La proclamaci\u00f3n del Tema 9 \u201cReligiosidad y Devociones &#8211; Cartilla Vida Nueva-\u201d.<\/p>\n\n\n\n<p>En segundo momento, para todas las Comunidades, los Coordinadores, realizar\u00e1n, La Vivenciadel C\u00f3digo, \u201c<strong>Libro de los Proverbios<\/strong>\u201d correspondiente a los primeros 5\u00b0 cap\u00edtulos.<a><\/a><\/p>\n\n\n\n<p>S\u00e1bado 22 de marzo: Tema 7\u00b0 Koinonia &#8211; Elementos de la Reuni\u00f3n\u201d Encuentro semanal Post-Misi\u00f3n 2024 JBE \u201cCam\u00ednenos con Jes\u00fas hacia la Verdad\u201d. Lugar: Centro de Pastoral La Natividad \u2013 Hora: 7:00 Pm.<\/p>\n<\/div><\/div>\n<\/div>\n\n\n\n<div class=\"wp-block-column is-layout-flow wp-block-column-is-layout-flow\">\n<div class=\"wp-block-group\"><div class=\"wp-block-group__inner-container is-layout-constrained wp-block-group-is-layout-constrained\">\n<p><strong>Actividades &#8211; Semana del 23 al 29 de marzo.<\/strong><\/p>\n\n\n\n<p>Domingo 23 de marzo: Invitaci\u00f3n a todos los hermanos de la Evangelizaci\u00f3n JBE, a la bendici\u00f3n de Nuestro Nuevo Altar y Templo Jes\u00fas de la Buena Esperanza \u2013 Villa Alexandra, presidida por Monse\u00f1or Nelson Jair Cardona Ram\u00edrez &#8211; Obispo de la Diocesis de Pereira. Hora: 5.00 pm.<\/p>\n\n\n\n<p>Martes 25 de marzo: La Anunciaci\u00f3n del Se\u00f1or. momento en que el \u00e1ngel Gabriel visit\u00f3 a la Sant\u00edsima Virgen Mar\u00eda, para decirle que ella ser\u00eda la Madre del Salvador<\/p>\n\n\n\n<p>Encuentro de tres horas: En el primer momento, realizar proclamaci\u00f3n del tema 24. \u201cFermento y Agente de Cambio Social\u201d &#8211; Bloque VI \u201cTestigos y Evangelizadores &#8211; Cartilla Vida Nueva.<\/p>\n\n\n\n<p><strong>Nota<\/strong>: <strong>Para las Nuevas Comunidades Territoriales 2D,2E,2F<\/strong>.<\/p>\n\n\n\n<p>Encuentro de tres horas: En el primer momento, la vivencia del tema 9 &#8211; \u201cReligiosidad y Devociones\u201d &#8211; bloque 3\u00b0 &#8211; Oraci\u00f3n y Culto\u201d &#8211; Cartilla Vida Nueva-\u201d.<\/p>\n\n\n\n<p>En segundo momento, el Coordinador(a), realizar\u00e1 <strong>\u201cSolidaridad Social\u201d<\/strong> \u2013 An\u00e1lisis de Situaciones de Necesidades en la Comunidad de alg\u00fan hermano o de todos y priorizar seg\u00fan la necesidad de la comunidad<\/p>\n\n\n\n<p>S\u00e1bado 29 de marzo: Tema 8\u00b0 Koinonia \u2013 \u201cEdificaci\u00f3n Espiritual\u201d Encuentro semanal Post-Misi\u00f3n 2024 JBE \u201cCam\u00ednenos con Jes\u00fas hacia la Verdad\u201d. Lugar: Centro de Pastoral La Natividad \u2013 Hora: 7:00 Pm.<\/p>\n\n\n\n<p>Domingo 30 de marzo<strong>: <\/strong>1er. Encuentro de Catequistas de peque\u00f1as comunidades \u2013 2025 \u2013 Motivacional y Contemplativo. Se inicia con la eucarist\u00eda 8:am Templo JBE \u2013 Villa Alexandra y se pasa a un momento de adoraci\u00f3n al Sant\u00edsimo (si es posible) o de encuentro personal con la palabra y luego una charla general.<\/p>\n\n\n\n<p><strong>Nota Bene:<\/strong><\/p>\n\n\n\n<p>Invitaci\u00f3n Adoraci\u00f3n al Sant\u00edsimo, todos los jueves de cada mes, as\u00ed:<\/p>\n\n\n\n<p>&#8211; 1 jueves: Los enfermos.<\/p>\n\n\n\n<p>&#8211; 2 jueves: Las familias.<\/p>\n\n\n\n<p>&#8211; 3 jueves: Las vocaciones.<\/p>\n\n\n\n<p>&#8211; 4 jueves: intenciones libres.<\/p>\n\n\n\n<p><strong>Qu\u00e9 el Se\u00f1or Nos Conceda La Paz<\/strong>. \ud83d\ude4f\ud83c\udffb\ud83d\ude4f\ud83c\udffb\ud83d\ude4f\ud83c\udffb<\/p>\n<\/div><\/div>\n<\/div>\n<\/div>\n","protected":false},"excerpt":{"rendered":"<p>Proceso de Nueva Evangelizaci\u00f3n Parroquia Jes\u00fas de la Buena Esperanza La Nueva Evangelizaci\u00f3n asumida desde el\u00a0SINE\u00a0es un proceso pastoral sistem\u00e1tico e integral que ofrece una m\u00edstica y elementos bien definidos tomados de la rica experiencia pastoral y misionera de la &hellip; <a href=\"https:\/\/parroquiajbe.org\/index.php\/sine\/\">Continuar<\/a><\/p>\n","protected":false},"author":1,"featured_media":0,"parent":0,"menu_order":0,"comment_status":"closed","ping_status":"closed","template":"","meta":{"kt_blocks_editor_width":"","_monsterinsights_skip_tracking":false,"_monsterinsights_sitenote_active":false,"_monsterinsights_sitenote_note":"","_monsterinsights_sitenote_category":0,"footnotes":""},"class_list":["post-575","page","type-page","status-publish","hentry"],"_links":{"self":[{"href":"https:\/\/parroquiajbe.org\/index.php\/wp-json\/wp\/v2\/pages\/575","targetHints":{"allow":["GET"]}}],"collection":[{"href":"https:\/\/parroquiajbe.org\/index.php\/wp-json\/wp\/v2\/pages"}],"about":[{"href":"https:\/\/parroquiajbe.org\/index.php\/wp-json\/wp\/v2\/types\/page"}],"author":[{"embeddable":true,"href":"https:\/\/parroquiajbe.org\/index.php\/wp-json\/wp\/v2\/users\/1"}],"replies":[{"embeddable":true,"href":"https:\/\/parroquiajbe.org\/index.php\/wp-json\/wp\/v2\/comments?post=575"}],"version-history":[{"count":55,"href":"https:\/\/parroquiajbe.org\/index.php\/wp-json\/wp\/v2\/pages\/575\/revisions"}],"predecessor-version":[{"id":1492,"href":"https:\/\/parroquiajbe.org\/index.php\/wp-json\/wp\/v2\/pages\/575\/revisions\/1492"}],"wp:attachment":[{"href":"https:\/\/parroquiajbe.org\/index.php\/wp-json\/wp\/v2\/media?parent=575"}],"curies":[{"name":"wp","href":"https:\/\/api.w.org\/{rel}","templated":true}]}}

<h4><em><strong>Proceso de Nueva Evangelización Parroquia Jesús de la Buena Esperanza</strong></em></h4>
<div>La Nueva Evangelización asumida desde el <a title="SINE" href="https://issuu.com/rednuevaevangelizacion/docs/folleto_web_sintesis_sine.compresse?e=24172329/34510848" target="_blank" rel="noopener noreferrer" name="Sistema integral de nueva evangelizacion">SINE</a> es un proceso pastoral sistemático e integral que ofrece una mística y elementos bien definidos tomados de la rica experiencia pastoral y misionera de la Iglesia y del magisterio eclesiástico. A tal punto que puede convertirse en el fundamento del plan pastoral diocesano y así de cada parroquia. busca atender el cumplimiento adecuado y oportuno del mandato de Jesucristo: &#8220;Vayan por el mundo proclamando la Buena Noticia a toda la humanidad&#8221; (Mc 16,15) y el mandato de la Iglesia: &#8220;Evangelizar constituye, en efecto, la dicha y vocación propia de la iglesia, su identidad mas profunda. Ella existe para evangelizar, es decir, para predicar y enseñar, ser canal del don de la gracia, reconciliar a los pecadores con Dios, perpetuar el sacrificio de Cristo en la santa Misa, memorial de su muerte y resurrección gloriosa&#8221; (E.N.14) en las condiciones y con los elementos actuales</div>
<div></div>
<div>Se basa en un diseño pastoral que comprende un proceso  personal y un proceso parroquial con un plan pastoral integral llevado por pasos articulados sabiamente según la pedagogía de la fe; es diocesano   en un marco de comunión  ofrecido por este plan misionero y pastoral, sin antojos particulares de cada parroquia, con nuevo  ardor evangelizador .</div>
<div></div>
<div>Es un proceso integral de acción misionera ( para los alejados y no creyentes), catequética (para los iniciados) y pastoral ( para los adultos en la fe), que va a todos, a todo el hombre, involucrando a todos, para darles todo ( palabra, comunión, sacramentos y transformación social) .</div>
<div></div>
<div></div>
<div style="text-align: center;">&#8220;Desde LA COMUNIÓN hacia la PLENITUD DE VIDA EN CRISTO&#8221;</div>
<div style="text-align: center;">( hoy y siempre)</div>


<div class="wp-block-columns is-layout-flex wp-container-core-columns-is-layout-9d6595d7 wp-block-columns-is-layout-flex">
<div class="wp-block-column is-layout-flow wp-block-column-is-layout-flow"></div>



<div class="wp-block-column is-layout-flow wp-block-column-is-layout-flow"></div>
</div>



<div class="wp-block-columns is-layout-flex wp-container-core-columns-is-layout-9d6595d7 wp-block-columns-is-layout-flex">
<div class="wp-block-column is-layout-flow wp-block-column-is-layout-flow">
<div class="wp-block-group"><div class="wp-block-group__inner-container is-layout-constrained wp-block-group-is-layout-constrained">
<p><strong>PROCESO DIOCESANO DE NUEVA EVANGELIZACIÓN</strong></p>



<p><strong>COMUNIDADES DE LA 1ª A LA 7ª EVANGELIZACIÓN &#8211; JBE</strong></p>



<p><strong>CRONOGRAMA DE ACTIVIDADES</strong></p>



<p><strong>“DEL 2 DE MARZO AL 30 DE MARZO &#8211; 2025”</strong></p>



<p>Diócesis de Pereira&nbsp;&nbsp;&nbsp;&nbsp;&nbsp;&nbsp;&nbsp;&nbsp;&nbsp;&nbsp;&nbsp;&nbsp;&nbsp;&nbsp;&nbsp;&nbsp;&nbsp;&nbsp;&nbsp;&nbsp;&nbsp;&nbsp;&nbsp;&nbsp;&nbsp;&nbsp;&nbsp;&nbsp;&nbsp;&nbsp;&nbsp;&nbsp;&nbsp;&nbsp;&nbsp;&nbsp;&nbsp;&nbsp;&nbsp;&nbsp;&nbsp;&nbsp;&nbsp;&nbsp;&nbsp;&nbsp;&nbsp;&nbsp;&nbsp;&nbsp;&nbsp;&nbsp;&nbsp;&nbsp;&nbsp;&nbsp;&nbsp;&nbsp;&nbsp;&nbsp;&nbsp;&nbsp;&nbsp;&nbsp;&nbsp;&nbsp;&nbsp;&nbsp;&nbsp;&nbsp;&nbsp;&nbsp;&nbsp;&nbsp;&nbsp;&nbsp;&nbsp;&nbsp;&nbsp;&nbsp;&nbsp;&nbsp;&nbsp;&nbsp;&nbsp;&nbsp;&nbsp;&nbsp;&nbsp;&nbsp;&nbsp;&nbsp;&nbsp;&nbsp;&nbsp;&nbsp;&nbsp;&nbsp;&nbsp;&nbsp;&nbsp;&nbsp;&nbsp;&nbsp;&nbsp;&nbsp;&nbsp;&nbsp;&nbsp;&nbsp;&nbsp;</p>



<p>Parroquia Jesús de la Buena Esperanza</p>



<p>Despacho Parroquial: Manz. 4 casa 9 – Villa Alexandra – La Badea D/das.</p>



<p>Celular: 312 761 0594</p>



<p>E – parroquiajbe@hotmail.com</p>



<p>www. Parroquiajbe.org</p>



<p><strong>Actividades &#8211; Semana del 2 al 8 de marzo</strong></p>



<p>Miércoles 5 de marzo: Eucaristía a las 6:00 Pm – Imposición de la Santa Ceniza – Anuncio de cuaresma. Lugar: Templo Jesús de la Buena Esperanza – Villa Alexandra</p>



<p>En esta semana, no hay Encuentro de Pequeñas Comunidades.</p>



<p>sábado 8 de marzo: Día Internacional de la mujer</p>



<p>sábado 8 de marzo: Tema 5° de Koinonia “Todos y Todo en Comunidad”. Encuentro semanal Post-Misión 2024 JBE “Camínenos con Jesús hacia la Verdad”. Lugar: Centro de Pastoral La Natividad – Hora: 7:00 Pm.</p>



<p><strong>Actividades &#8211; Semana del 9 al 15 de marzo</strong></p>



<p>Encuentro de tres horas: En el primer momento, realizar Proclamación del tema 23. “Acción Apostólica Semanal” &#8211; Bloque VI “Testigos y Evangelizadores &#8211; Cartilla Vida Nueva.</p>



<p><strong>Nota</strong>: <strong>Para las Nuevas Comunidades Territoriales 2D,2E,2F</strong>.</p>



<p>Encuentro de tres horas: En el primer momento, realizar La Revisión y La Vivencia de Todos los temas del Bloque 2: -” Palabra de Dios” &#8211; Cartilla Vida Nueva</p>



<p>En segundo momento, para todas las Comunidades, realizaran <strong>Edificación Espiritual</strong>, con alguno de los siguientes elementos: Testimonio, Revisión de Vida, Corrección Fraterna, Búsqueda de la Voluntad de Dios y priorizar según la necesidad de la comunidad.</p>



<p>Jueves 13 de marzo: Aniversario Pontificado su Santidad Papa Francisco (inicio el 13 de marzo del 2013).</p>



<p>sábado 15 de marzo: Tema 6° Koinonia – “Niveles de la Comunidad”. Encuentro semanal Post-Misión 2024 JBE “Camínenos con Jesús hacia la Verdad”. Lugar: Centro de Pastoral La Natividad – Hora: 7:00 Pm.</p>



<p><strong>Actividades &#8211; Semana del 16 al 22 de marzo</strong></p>



<p>Domingo 16 de marzo: Encuentro de Formación del Ministerio de Liturgia. Se inicia con la Eucaristía, a las 8.00 am, y continua de 9 am a 11: am, en el Templo Jesús de la Buena Esperanza de Villa Alexandra.</p>



<p>miércoles 19 de marzo: día de San José &#8211; Esposo de la Virgen María. (lunes 24 – día de fiesta).</p>



<p><strong>&nbsp;</strong>Encuentro de tres horas:. En el primer momento, realizar vivencia del tema 23. “Acción Apostólica Semanal” &#8211; Bloque VI “Testigos y Evangelizadores &#8211; Cartilla Vida Nueva.</p>



<p><strong>Nota</strong>: <strong>Para las Nuevas Comunidades Territoriales 2D,2E,2F</strong>.</p>



<p>Encuentro de tres horas: En el primer momento, se dará inicio a la catequesis del bloque 3°- Oración y Culto” &#8211; con La proclamación del Tema 9 “Religiosidad y Devociones &#8211; Cartilla Vida Nueva-”.</p>



<p>En segundo momento, para todas las Comunidades, los Coordinadores, realizarán, La Vivenciadel Código, “<strong>Libro de los Proverbios</strong>” correspondiente a los primeros 5° capítulos.<a></a></p>



<p>Sábado 22 de marzo: Tema 7° Koinonia &#8211; Elementos de la Reunión” Encuentro semanal Post-Misión 2024 JBE “Camínenos con Jesús hacia la Verdad”. Lugar: Centro de Pastoral La Natividad – Hora: 7:00 Pm.</p>
</div></div>
</div>



<div class="wp-block-column is-layout-flow wp-block-column-is-layout-flow">
<div class="wp-block-group"><div class="wp-block-group__inner-container is-layout-constrained wp-block-group-is-layout-constrained">
<p><strong>Actividades &#8211; Semana del 23 al 29 de marzo.</strong></p>



<p>Domingo 23 de marzo: Invitación a todos los hermanos de la Evangelización JBE, a la bendición de Nuestro Nuevo Altar y Templo Jesús de la Buena Esperanza – Villa Alexandra, presidida por Monseñor Nelson Jair Cardona Ramírez &#8211; Obispo de la Diocesis de Pereira. Hora: 5.00 pm.</p>



<p>Martes 25 de marzo: La Anunciación del Señor. momento en que el ángel Gabriel visitó a la Santísima Virgen María, para decirle que ella sería la Madre del Salvador</p>



<p>Encuentro de tres horas: En el primer momento, realizar proclamación del tema 24. “Fermento y Agente de Cambio Social” &#8211; Bloque VI “Testigos y Evangelizadores &#8211; Cartilla Vida Nueva.</p>



<p><strong>Nota</strong>: <strong>Para las Nuevas Comunidades Territoriales 2D,2E,2F</strong>.</p>



<p>Encuentro de tres horas: En el primer momento, la vivencia del tema 9 &#8211; “Religiosidad y Devociones” &#8211; bloque 3° &#8211; Oración y Culto” &#8211; Cartilla Vida Nueva-”.</p>



<p>En segundo momento, el Coordinador(a), realizará <strong>“Solidaridad Social”</strong> – Análisis de Situaciones de Necesidades en la Comunidad de algún hermano o de todos y priorizar según la necesidad de la comunidad</p>



<p>Sábado 29 de marzo: Tema 8° Koinonia – “Edificación Espiritual” Encuentro semanal Post-Misión 2024 JBE “Camínenos con Jesús hacia la Verdad”. Lugar: Centro de Pastoral La Natividad – Hora: 7:00 Pm.</p>



<p>Domingo 30 de marzo<strong>: </strong>1er. Encuentro de Catequistas de pequeñas comunidades – 2025 – Motivacional y Contemplativo. Se inicia con la eucaristía 8:am Templo JBE – Villa Alexandra y se pasa a un momento de adoración al Santísimo (si es posible) o de encuentro personal con la palabra y luego una charla general.</p>



<p><strong>Nota Bene:</strong></p>



<p>Invitación Adoración al Santísimo, todos los jueves de cada mes, así:</p>



<p>&#8211; 1 jueves: Los enfermos.</p>



<p>&#8211; 2 jueves: Las familias.</p>



<p>&#8211; 3 jueves: Las vocaciones.</p>



<p>&#8211; 4 jueves: intenciones libres.</p>



<p><strong>Qué el Señor Nos Conceda La Paz</strong>. 🙏🏻🙏🏻🙏🏻</p>
</div></div>
</div>
</div>

<p>Proceso de Nueva Evangelización Parroquia Jesús de la Buena Esperanza La Nueva Evangelización asumida desde el SINE es un proceso pastoral sistemático e integral que ofrece una mística y elementos bien definidos tomados de la rica experiencia pastoral y misionera de la &hellip; <a href="https://parroquiajbe.org/index.php/sine/">Continuar</a></p>
